?
True
Is 920467 prime?
True
Is 1520249 prime?
False
Is 3248507 a prime number?
False
Is 870079 a composite number?
True
Is 1009197373 a composite number?
False
Is 27823739 a composite number?
False
Is 15481981 a prime number?
True
Is 6965213 a prime number?
False
Is 5611037 composite?
True
Is 237261 a prime number?
False
Is 949157 composite?
True
Is 799979 a prime number?
True
Is 30507781 prime?
False
Is 27881963 a prime number?
False
Is 2100943 a prime number?
False
Is 6287527 a prime number?
False
Is 28847207 a composite number?
False
Is 938491 prime?
True
Is 4948051 a prime number?
False
Is 8026957 composite?
False
Is 1349759 prime?
False
Is 25025251 a composite number?
False
Is 10368329 a prime number?
False
Is 190550207 composite?
False
Is 14400613 a prime number?
False
Is 43089229 a prime number?
False
Is 562577 composite?
False
Is 4170191 a composite number?
False
Is 1119929 a prime number?
False
Is 61733669 a composite number?
False
Is 10036607 prime?
False
Is 44849881 prime?
True
Is 562767919 composite?
True
Is 361717 a prime number?
False
Is 27064847 a composite number?
True
Is 10336067 composite?
True
Is 9094879 prime?
False
Is 59339699 a composite number?
True
Is 26600645 a prime number?
False
Is 867541 composite?
False
Is 2069087 a composite number?
True
Is 183581821 a composite number?
False
Is 288647 a prime number?
True
Is 125122889 prime?
False
Is 24161897 a prime number?
True
Is 93283847 prime?
False
Is 2275931 a composite number?
True
Is 28256611 a prime number?
False
Is 241179899 a prime number?
True
Is 2143019 a prime number?
True
Is 727657 a prime number?
False
Is 375919013 prime?
True
Is 6385427 prime?
True
Is 128809909 a composite number?
True
Is 75283451 a prime number?
True
Is 37610629 composite?
True
Is 69591853 a prime number?
True
Is 33119 composite?
False
Is 18484901 composite?
True
Is 576874019 a prime number?
True
Is 20895517 a prime number?
True
Is 67143667 prime?
True
Is 20929099 prime?
True
Is 130009739 prime?
True
Is 255143489 a prime number?
True
Is 6010817 composite?
False
Is 904651 a composite number?
True
Is 403340983 prime?
True
Is 5347697 a composite number?
True
Is 257613143 composite?
False
Is 59693343 a prime number?
False
Is 427631 a composite number?
True
Is 724655 a composite number?
True
Is 3976913 composite?
False
Is 29663 composite?
False
Is 502391801 prime?
True
Is 42103861 a composite number?
False
Is 430393 a prime number?
True
Is 1499686 a composite number?
True
Is 10422857 composite?
False
Is 3659039 a prime number?
False
Is 67560529 a composite number?
False
Is 4009219 composite?
False
Is 3388702 a prime number?
False
Is 618119 composite?
False
Is 109639 prime?
True
Is 1522641449 a prime number?
False
Is 119456839 prime?
True
Is 1241192213 a composite number?
True
Is 43230247 a composite number?
True
Is 134025383 prime?
False
Is 58859929 a composite number?
True
Is 17644063 prime?
False
Is 951531017 a composite number?
False
Is 3514327 composite?
True
Is 1189327 composite?
False
Is 23374703 prime?
False
Is 808733 a composite number?
False
Is 348515897 composite?
False
Is 118324498 prime?
False
Is 2749517 prime?
False
Is 11190241 prime?
False
Is 816317 composite?
False
Is 15474491 prime?
True
Is 155534705 prime?
False
Is 14440121 a composite number?
False
Is 264208123 composite?
False
Is 1060567 a prime number?
True
Is 81090173 composite?
True
Is 1911949 a composite number?
True
Is 146191 composite?
False
Is 16250099 composite?
False
Is 10624513 prime?
False
Is 22343159 prime?
False
Is 145923185 a composite number?
True
Is 43097039 composite?
False
Is 45297347 prime?
True
Is 4174519 prime?
False
Is 80469361 composite?
True
Is 14087653 composite?
False
Is 2484203 prime?
True
Is 1823567 a composite number?
False
Is 605279 prime?
False
Is 219987751 a prime number?
True
Is 5503507 a prime number?
True
Is 10206789 a composite number?
True
Is 224541881 prime?
True
Is 2399077 a prime number?
False
Is 2417663 composite?
False
Is 79706441 a prime number?
True
Is 8891189 composite?
True
Is 2818293 prime?
False
Is 2230897 a composite number?
True
Is 88185079 a composite number?
False
Is 28782673 a prime number?
False
Is 737921369 a composite number?
False
Is 783856181 a composite number?
False
Is 519781 prime?
False
Is 87937511 a composite number?
False
Is 1931257 a prime number?
False
Is 17568949 a prime number?
True
Is 101100849 prime?
False
Is 1652293 prime?
False
Is 9262257 composite?
True
Is 3850699 prime?
True
Is 3806837 composite?
False
Is 11788079 a composite number?
False
Is 12819727 prime?
False
Is 328964173 a composite number?
True
Is 23887481 a prime number?
True
Is 6633887 a composite number?
True
Is 10342597 a prime number?
True
Is 65211271 a prime number?
True
Is 14546821 a composite number?
False
Is 1336817 prime?
True
Is 9734867 a prime number?
False
Is 607301 composite?
False
Is 14111111 a prime number?
False
Is 48443117 a composite number?
False
Is 1811413 a prime number?
True
Is 24132557 a prime number?
False
Is 2518859 prime?
False
Is 12723422 a composite number?
True
Is 118301899 composite?
True
Is 8263433 composite?
False
Is 219721 a composite number?
False
Is 84920153 composite?
False
Is 19573181 prime?
True
Is 145454081 a prime number?
True
Is 98875615 a prime number?
False
Is 146132479 a prime number?
False
Is 59859383 prime?
True
Is 7079593 composite?
True
Is 49618409 prime?
True
Is 43026001 a composite number?
False
Is 472042 a composite number?
True
Is 26578349 prime?
False
Is 104226197 a composite number?
False
Is 69155861 a prime number?
False
Is 208001197 prime?
False
Is 2053929 a composite number?
True
Is 761361 a composite number?
True
Is 10281457 a composite number?
True
Is 74884547 a prime number?
True
Is 77445343 a composite number?
True
Is 22877815 composite?
True
Is 64456567 composite?
True
Is 991147 composite?
False
Is 166861 a composite number?
False
Is 9327853 prime?
True
Is 1913641 a prime number?
True
Is 176572021 composite?
False
Is 5254313 a prime number?
True
Is 582279267 composite?
True
Is 77017307 a composite number?
True
Is 4008626 a composite number?
True
Is 75027674 a prime number?
False
Is 81774065 a prime number?
False
Is 10588051 a composite number?
False
Is 23491255 composite?
True
Is 51541753 a prime number?
True
Is 20324987 prime?
True
Is 41490781 a prime number?
False
Is 16107089 a composite number?
True
Is 354830537 prime?
False
Is 1437951 a composite number?
True
Is 6187613 a composite number?
True
Is 106965049 a composite number?
False
Is 3625499 a composite number?
True
Is 2923367 a prime number?
True
Is 6371537 a prime number?
True
Is 49333693 a composite number?
False
Is 646975879 composite?
True
Is 80029 a composite number?
True
Is 12012811 composite?
True
Is 3072427 a prime number?
False
Is 7207933 a composite number?
True
Is 62503783 prime?
True
Is 1945748443 a prime number?
True
Is 2067713 prime?
False
Is 2076895 composite?
True
Is 40983721 composite?
False
Is 5152223 composite?
True
Is 47927309 a prime number?
True
Is 64511 prime?
False
Is 833471 a prime number?
False
Is 409157773 a composite number?
True
Is 1023583567 composite?
True
Is 741203 composite?
True
Is 23990287 composite?
False
Is 23650229 prime?
True
Is 272542123 prime?
False
Is 18427451 prime?
False
Is 9724471 composite?
False
Is 2749852723 a prime number?
True
Is 3897683 a composite number?
False
Is 27316643 a prime number?
True
Is 1499597 a prime number?
False
Is 7775918 prime?
False
Is 70255 prime?
False
Is 12357755 a prime number?
False
Is 4692929 prime?
False
Is 284851 a prime number?
False
Is 511939843 composite?
True
Is 115111 prime?
False
Is 8029783 composite?
True
Is 37428331 composite?
False
Is 25363153 a composite number?
True
Is 274327 a composite number?
True
Is 676649 a composite number?
False
Is 12376723 a composite number?
True
Is 114314533 prime?
False
Is 6942941 a composite number?
True
Is 46837163 prime?
True
Is 3286729 a composite number?
True
Is 13134923 prime?
False
Is 43293553 composite?
False
Is 4297057 composite?
True
Is 38447639 prime?
True
Is 9200489 a prime number?
True
Is 188005403 composite?
False
Is 12280127 a composite number?
False
Is 11894411 a composite number?
False
Is 169718567 a composite number?
False
Is 528397 composite?
T